 -k - 1 + b + w. Give q(-5).
0
Let d(s) = s**2 - 5*s - 7. Let h(o) = 4*o. Let a be h(-2). Let f be 5/20 - (-74)/a. Let z be 6/f - 51/(-9). Give d(z).
-7
Let w(l) = 6*l**2 - l + 1. Let h = 389 - 387. Calculate w(h).
23
Let q be (-3)/5*(-4 - 1). Suppose 2*w + q = 3*w. Let x(p) be the second derivative of p**3/6 - 3*p**2/2 - 78*p. Calculate x(w).
0
Suppose -11 - 13 = -3*w. Let x(h) = -5*h - 4 + 3 + w*h - 5*h. Give x(-2).
3
Let u(n) = 64*n + 62*n - n**2 - 122*n + 2. Determine u(4).
2
Let a(v) = v**3 + 7*v**2 + 2*v + 10. Let b be a(-7). Let m(t) be the third derivative of t**4/12 + t**3/6 - 2*t**2. What is m(b)?
-7
Let f be (-7)/70*6*-10. Let y(l) = -l**2 + 8*l. Let b(c) = c**2 - 8*c. Let z(p) = 3*b(p) + 4*y(p). Give z(f).
12
Let s(n) = 25*n + 1. Let o(a) = -75*a - 3. Let b(x) = -2*o(x) - 7*s(x). Give b(-1).
24
Let q(u) = -u + 4. Suppose -3*i + 4*l = -18, -3*i - 2*i = 3*l - 30. What is q(i)?
-2
Suppose 0*h = h + 5*b + 2, -5*b = 0. Let v(y) = y**2 + 2*y - 1. What is v(h)?
-1
Let k be (-16)/(-8 - -4) - 2. Let h(u) = 3*u**2 - 5*u + 3*u + 3*u**k + 5 - u**3 - 3*u. Calculate h(4).
17
Suppose -c + 6*o - 20 = o, -2*o + 8 = 3*c. Let z(v) = v**3 + v**2 - v - 12. Determine z(c).
-12
Let b(o) = 0 - 1 - 5*o + 3*o. Suppose -5*i + 15 = -2*i. Suppose -p = 2*c + i, -5*c + 5*p - 5 = -0*c. Determine b(c).
3
Let s(d) = d**3 + d**2 - 4*d - 2. Let j = 30 + -45. Let x be (-1 + 4)/(15/j). Calculate s(x).
-8
Let a(x) be the first derivative of -x**4/4 - 5*x**3 + 35*x**2/2 + 15*x - 466. Determine a(-17).
-2
Let b(i) = 7*i**3 + 4*i**2 - 7*i + 5. Let s(q) be the first derivative of 5/3*q**3 - 7/2*q**2 + 2*q**4 + 5*q + 3. Let v(o) = -7*b(o) + 6*s(o). Determine v(4).
-9
Let s(d) be the third derivative of d**4/12 - 3*d**3/2 + 657*d**2. Let w(q) = 3*q. Let k be w(2). What is s(k)?
3
Let i = -31 + 34. Let j(d) = 8*d + 1 + 8*d**3 + 2 + 5*d**2 - 9*d**i - 9. Give j(6).
6
Let l(o) = -o**3 - 3*o**2 - 5*o - 5. Let k be l(-3). Let n(v) = -v**3 + 6*v**2 - 7*v + 4. Let b be n(5). Let y = b + k. Let d(i) = i**2 - 3*i + 1. Give d(y).
5
Let z(v) = v**2 - 5*v - 1. Suppose 0*m + m - 5 = 0. Let g be (4/10)/((-656)/110 + 6). Suppose c = g - m. Calculate z(c).
5
Let w(b) = 20*b - 18. Let t(c) = -94*c + 92. Let y(v) = -6*t(v) - 28*w(v). Determine y(12).
0
Let j = -152 + 157. Let w(l) = l**2 - 3*l + 4. Determine w(j).
14
Let f(d) = -d**2 + d - 1. Let o be f(0). Let l(v) = 1 + 2*v - 8*v**2 + 2*v**2 + 3*v**2 + 20*v**2 - 7*v**2. Calculate l(o).
9
Let d(y) be the second derivative of 3*y**5/20 + y**4/3 + y**3/2 - 2*y**2 + 164*y. Give d(-3).
-58
Let w(r) be the second derivative of r**3/6 + 4*r**2 + 2*r. Suppose -7*p = -29*p. Give w(p).
8
Let x(d) = 2*d + 18 + 14 - 13. Give x(8).
35
Let y(j) = 11*j**2 - 9*j + 6. Let b(z) = z**2 - 3*z + 1. Let m(v) = -4*b(v) + y(v). Give m(-1).
6
Suppose 10*i - 2*i - 32 = 0. Suppose i*l = 4*o - 16, -2*o = 5*l - 0*o - 15. Let b(k) = -k**3 + 2*k - 1. What is b(l)?
0
Let w be -1 + (-704)/(-10) + 24/40. Let a = 78 - w. Let i(u) = -u**3 + 8*u**2 - u + 1. Determine i(a).
-7
Let p be 27/(-7) - 6*(-6)/(-252). Let r(h) = h**2 - 3*h - 2. Give r(p).
26
Suppose -2*f + 4*d + 41 = 3, -2*d = -3*f + 53. Suppose 0 = -4*o - 27 - f. Let h = -9 - o. Let v(a) = -a**3 - a**2 + 2*a. Calculate v(h).
-8
Let u(c) = 2*c + 1. Let o be u(-5). Let b(z) = 7*z**3 + 26*z**2 - 15*z - 7. Let l(d) = -d**3 - 3*d**2 + d + 1. Let q(x) = -b(x) - 6*l(x). Calculate q(o).
1
Let w(m) = -4*m**3 - 7*m**2 + m - 4. Let u(q) = -9*q**3 - 15*q**2 + 2*q - 8. Let a(x) = 3*u(x) - 7*w(x). Let v = 720 - 724. Give a(v).
8
Suppose 5*q + 15 = 0, -5*y = -5*q - 0*q - 25. Let z(j) be the first derivative of -j**3/3 + j**2 + 14. Give z(y).
0
Let r(p) = p - 3. Suppose 0 = -17*k - 28 + 130. Determine r(k).
3
Let s(g) = g**3 - g**2 - 3*g - 3. Suppose 0 = -3*m - 2*m + 85. Suppose 5*w + 0*w = -70. Let k = w + m. Determine s(k).
6
Suppose 0 = l - c, -l + 3*c = 3 + 1. Suppose -5*o + l = -6*o. Let k(y) = y**2. What is k(o)?
4
Let t(o) = o**3 - 7*o**2 - o + 9. Let h = 133 + -126. Give t(h).
2
Suppose 0 = -v + 5*b + 25, -2*v + 4*b + 4 + 22 = 0. Let l(i) = -i**2 + 2*i. What is l(v)?
-15
Suppose 0 = -t + 3*t + 8. Let r(o) = o + 1. Let a(l) = 4*l + 7. Let q(u) = a(u) - 3*r(u). Calculate q(t).
0
Let r(f) = -f**3 + 11*f**2 + 10*f + 19. Suppose -119*o - 21 = -3*u - 124*o, o = -5*u + 57. Calculate r(u).
-5
Suppose 4*s = 8*s - 48. Let u be s/(-1)*(6 - 26/4). Let y(l) = -l + 5. Determine y(u).
-1
Let w = 52/27 + -199/108. Let y(i) be the second derivative of 0 - i**2 + 4*i - w*i**4 - i**3. Give y(-5).
3
Let o = -2 + 2. Let s(c) = -c**3 + 4*c**2 - 3*c - 1. Let f(g) = -g**2 + g + 1. Let w be 1/(-2)*6/3. Let k(t) = w*s(t) - 4*f(t). Calculate k(o).
-3
Let k(n) be the second derivative of -n**3/3 + 3*n**2 - n. Suppose 5*t - 24 = -a, 4*a - 7*a = 2*t - 7. Calculate k(t).
-4
Let w = 4 + -2. Let y be -2 - (4/w + -9). Let v(q) be the first derivative of q**3/3 - 3*q**2 + q + 93. What is v(y)?
-4
Let q(m) = -5*m + 1. Let v(b) = 2*b**3 + b**2. Let y be v(1). Suppose -y*k + 1 = 4*n, 4*k - 2 - 2 = -4*n. Determine q(n).
11
Let p(c) = -17*c - 72. Let h be p(-4). Let s(m) = m**3 + 4*m**2 + 3*m + 14. What is s(h)?
2
Suppose -45*d - 217 = -14*d. Let v(j) = -j**3 - 5*j**2 + 11*j + 6. Calculate v(d).
27
Let b(f) be the third derivative of -f**5/10 + f**4/24 + f**3/6 - 21*f**2. Let c be 2 + (0 - 16/4) + 1. Determine b(c).
-6
Let c be 6*((-21)/(-6) - 4). Let g(d) = 7*d**2 - 9*d - 9. Let j(m) = 11*m**2 - 14*m - 14. Let f(i) = -8*g(i) + 5*j(i). What is f(c)?
-13
Let w(x) = x + 15. Suppose -78*v + 472 = 82. Calculate w(v).
20
Let x(t) = t**3 + 4*t**2 - t + 5. Let q = -19 - -33. Suppose 0 = z + 4*r + 24, z + r + q = -r. Give x(z).
9
Let u(i) be the first derivative of 9*i**4/4 - i**3/3 + i**2/2 + i + 2. Suppose -f - 3 + 14 = 3*x, -3*x = 4*f - 8. Calculate u(f).
-10
Suppose 28 = 19*h - 11 + 1. Let x(b) be the second derivative of b**4/6 - 2*b**3/3 + 3*b**2/2 + b. Calculate x(h).
3
Suppose 2*q - 8 = -2*n, 2*n + q - 2*q = 17. Let i(m) = -3*m - 10. Let c be i(-6). Let o(p) = c + p**2 + 0 + 2*p**2 + 4*p - 4*p**2. Calculate o(n).
-13
Let a(y) = -24*y**3 + y**2 + y - 1. Let u(x) = x**2 + 30*x - 135. Let w be u(-34). Determine a(w).
-23
Suppose 5*s = -2*g + 242 - 258, 5*g - 5*s - 30 = 0. Let c(w) be the third derivative of -w**4/24 - w**3/6 + 3*w**2. Calculate c(g).
-3
Let f(h) be the second derivative of -h**4/12 + h**3/6 + 9*h**2/2 + 101*h. Calculate f(4).
-3
Let f(s) be the second derivative of -2*s**5/5 - s**3/3 - s**2/2 - 21*s. Give f(-1).
9
Let y(q) be the second derivative of -1/6*q**3 - 3*q + 1/2*q**2 + 0. Let s be 3204/1044 - (-2)/(-29). Determine y(s).
-2
Let r(w) be the first derivative of w**2/2 + 8*w + 86. Determine r(-7).
1
Let c(y) be the third derivative of -y**4/8 - 7*y**3/6 - 30*y**2. Let v(o) = o. Let z(b) = c(b) + 4*v(b). What is z(7)?
0
Let s(v) = v**2 - 8*v + 6. Suppose 44 = 2*z - 4*f + 10, -f = z - 2. Determine s(z).
-1
Let v(p) = -4*p**3 + 2*p - 1. Let y be (-29)/(-58)*-1*(1 + -3). Determine v(y).
-3
Let m = 9 + -7. Suppose m*j = -2 - 6. Let f(p) be the first derivative of -p**2/2 - 8*p + 81. Give f(j).
-4
Let p(o) be the second derivative of -o**5/20 - 7*o**4/12 - 4*o**3/3 + 5*o**2 - 199*o. What is p(-5)?
0
Let w(z) = 3*z + 58 + 79 + 2*z**2 - 136. Give w(-4).
21
Let x(k) = 2*k + 1. Let a be (-1 - -1)/1 - 1. Suppose 1 = 3*q - c, 2*q + 15 = 7*q - 5*c. Let j be 1/a*3*q. Give x(j).
7
Let q be 6*(2 + 8 + -9). Let x(f) = -2*f + 9. Determine x(q).
-3
Let d(m) = -6*m**2 - 2*m + 1. Suppose -5*y - 4*f + 71 = 0, 0 = -5*y + 10*y - f - 51. Suppose -5*c + 1 = 2*i - y, -5*c = i - 11. Give d(i).
-7
Suppose -4*q - 5*r = 8, -5*q = -4*q - 5*r - 23. Let k(t) = -t**3 + 5*t - 2. Give k(q).
-14
Let n = -21 + 23. Let l(x) = 50*x + 2*x**3 + x**2 - x**3 - 49*x + n. Determine l(-2).
-4
Let l be 1/((-2)/(-6))*1. Suppose -l*d - 8 = 1. Let r(v) = v**2 + 4*v. Calculate r(d).
-3
Let y(j) = -22*j + 10. Let x(q) = 18*q - q - 32*q + 7. Let t(i) = 7*x(i) - 5*y(i). Calculate t(2).
9
Let w(m) = -6*m**2 - 1. Let h(l) = -11*l**2 + l - 2. Let u(y) = 2*h(y) - 5*w(y). Let i be (1 - -3) + -18 + 13. Give u(i).
7
Let c(p) = p**2 + p - 6. Let g be c(-4). Let u(y) = y. Let w(t) = t. Let j(h) = g*u(h) - 5*w(h). Suppose 0 + 4 = -2*k. Calculate j(k).
-2
Let t(d) be the third derivative of -d**6/30 - d**4/2